{"id":18954,"date":"2023-02-15T10:25:01","date_gmt":"2023-02-15T08:25:01","guid":{"rendered":"https:\/\/www.sbl.eu\/evasion\/robert-badinter-lhomme-juste-by-dominique-missika-and-maurice-szafran\/"},"modified":"2023-02-16T18:05:04","modified_gmt":"2023-02-16T16:05:04","slug":"robert-badinter-lhomme-juste-de-dominique-missika-et-maurice-szafran","status":"publish","type":"evasion","link":"https:\/\/www.sbl.eu\/fr\/evasion\/robert-badinter-lhomme-juste-de-dominique-missika-et-maurice-szafran\/","title":{"rendered":"\u00ab Robert Badinter l&#8217;homme juste \u00bb de Dominique Missika et Maurice Szafran"},"content":{"rendered":"<p><a class=\"fancybox\" href=\"https:\/\/www.sbl.eu\/wp-content\/uploads\/SBL_robert-badinter-l-homme-juste.jpg\"><img loading=\"lazy\" decoding=\"async\" src=\"https:\/\/www.sbl.eu\/wp-content\/uploads\/SBL_robert-badinter-l-homme-juste-205x300.jpg\" alt=\"\u00ab Robert Badinter l&#039;homme juste \u00bb de Dominique Missika et Maurice Szafran\" width=\"205\" height=\"300\" class=\"alignleft size-medium wp-image-18952\" srcset=\"https:\/\/www.sbl.eu\/wp-content\/uploads\/SBL_robert-badinter-l-homme-juste-205x300.jpg 205w, https:\/\/www.sbl.eu\/wp-content\/uploads\/SBL_robert-badinter-l-homme-juste-555x813.jpg 555w, https:\/\/www.sbl.eu\/wp-content\/uploads\/SBL_robert-badinter-l-homme-juste-360x527.jpg 360w, https:\/\/www.sbl.eu\/wp-content\/uploads\/SBL_robert-badinter-l-homme-juste-262x384.jpg 262w, https:\/\/www.sbl.eu\/wp-content\/uploads\/SBL_robert-badinter-l-homme-juste.jpg 683w\" sizes=\"auto, (max-width: 205px) 100vw, 205px\" \/><\/a>Le livre a pour objectif de pr\u00e9senter de mani\u00e8re tr\u00e8s compl\u00e8te la vie de Robert Badinter, son parcours politique, intellectuel, professionnel et moral. Il retrace les r\u00e9alisations qu&#8217;il a mises en \u0153uvre et les d\u00e9fis auxquels il a \u00e9t\u00e9 confront\u00e9 pendant son incroyable itin\u00e9raire de fils de d\u00e9port\u00e9 \u00e0 pr\u00e9sident du Conseil Constitutionnel, en passant bien s\u00fbr par une carri\u00e8re exceptionnelle d&#8217;avocat et de ministre de la Justice.<\/p>\n<p>Pourquoi on aime :<\/p>\n<p>Un ouvrage non partisan qui d\u00e9crit de mani\u00e8re tr\u00e8s compl\u00e8te l&#8217;itin\u00e9raire et le parcours d&#8217;un homme rare. Les auteurs ont souhait\u00e9 saisir au plus pr\u00e8s ce qu&#8217;a \u00e9t\u00e9 la vie de Robert Badinter : pari r\u00e9ussi. Ce livre est une excellente source d&#8217;information sur l&#8217;engagement de Robert Badinter en faveur de la justice et des droits de l&#8217;homme.<\/p>\n<p>Profitez-en pour en pour \u00e9couter son discours historique sur l&#8217;abolition de la peine de mort :<\/p>\n<p><a href=\"https:\/\/www.ina.fr\/ina-eclaire-actu\/video\/man1631116831\/17-septembre-1981-le-discours-integral-de-robert-badinter-sur-l\" rel=\"noopener\" target=\"_blank\">https:\/\/www.ina.fr\/ina-eclaire-actu\/video\/man1631116831\/17-septembre-1981-le-discours-integral-de-robert-badinter-sur-l<\/a><\/p>\n<div class=\"copy_photo\">Philippe Schmidt<\/div>\n","protected":false},"excerpt":{"rendered":"<p>Le livre a pour objectif de pr\u00e9senter de mani\u00e8re tr\u00e8s compl\u00e8te la vie de Robert Badinter, son parcours politique, intellectuel, professionnel et moral. Il retrace les r\u00e9alisations qu&#8217;il a mises en \u0153uvre et les d\u00e9fis auxquels il a \u00e9t\u00e9 confront\u00e9 pendant son incroyable itin\u00e9raire de fils de d\u00e9port\u00e9 \u00e0 pr\u00e9sident du Conseil Constitutionnel, en passant&#8230;<\/p>\n","protected":false},"featured_media":18953,"template":"","meta":[],"catevasion":[126,116],"class_list":["post-18954","evasion","type-evasion","status-publish","has-post-thumbnail","hentry","catevasion-livres","catevasion-toutes"],"_links":{"self":[{"href":"https:\/\/www.sbl.eu\/fr\/wp-json\/wp\/v2\/evasion\/18954","targetHints":{"allow":["GET"]}}],"collection":[{"href":"https:\/\/www.sbl.eu\/fr\/wp-json\/wp\/v2\/evasion"}],"about":[{"href":"https:\/\/www.sbl.eu\/fr\/wp-json\/wp\/v2\/types\/evasion"}],"wp:featuredmedia":[{"embeddable":true,"href":"https:\/\/www.sbl.eu\/fr\/wp-json\/wp\/v2\/media\/18953"}],"wp:attachment":[{"href":"https:\/\/www.sbl.eu\/fr\/wp-json\/wp\/v2\/media?parent=18954"}],"wp:term":[{"taxonomy":"catevasion","embeddable":true,"href":"https:\/\/www.sbl.eu\/fr\/wp-json\/wp\/v2\/catevasion?post=18954"}],"curies":[{"name":"wp","href":"https:\/\/api.w.org\/{rel}","templated":true}]}}

<p><a class="fancybox" href="https://www.sbl.eu/wp-content/uploads/SBL_robert-badinter-l-homme-juste.jpg"><img loading="lazy" decoding="async" src="https://www.sbl.eu/wp-content/uploads/SBL_robert-badinter-l-homme-juste-205x300.jpg" alt="« Robert Badinter l&#039;homme juste » de Dominique Missika et Maurice Szafran" width="205" height="300" class="alignleft size-medium wp-image-18952" srcset="https://www.sbl.eu/wp-content/uploads/SBL_robert-badinter-l-homme-juste-205x300.jpg 205w, https://www.sbl.eu/wp-content/uploads/SBL_robert-badinter-l-homme-juste-555x813.jpg 555w, https://www.sbl.eu/wp-content/uploads/SBL_robert-badinter-l-homme-juste-360x527.jpg 360w, https://www.sbl.eu/wp-content/uploads/SBL_robert-badinter-l-homme-juste-262x384.jpg 262w, https://www.sbl.eu/wp-content/uploads/SBL_robert-badinter-l-homme-juste.jpg 683w" sizes="auto, (max-width: 205px) 100vw, 205px" /></a>Le livre a pour objectif de présenter de manière très complète la vie de Robert Badinter, son parcours politique, intellectuel, professionnel et moral. Il retrace les réalisations qu&#8217;il a mises en œuvre et les défis auxquels il a été confronté pendant son incroyable itinéraire de fils de déporté à président du Conseil Constitutionnel, en passant bien sûr par une carrière exceptionnelle d&#8217;avocat et de ministre de la Justice.</p>
<p>Pourquoi on aime :</p>
<p>Un ouvrage non partisan qui décrit de manière très complète l&#8217;itinéraire et le parcours d&#8217;un homme rare. Les auteurs ont souhaité saisir au plus près ce qu&#8217;a été la vie de Robert Badinter : pari réussi. Ce livre est une excellente source d&#8217;information sur l&#8217;engagement de Robert Badinter en faveur de la justice et des droits de l&#8217;homme.</p>
<p>Profitez-en pour en pour écouter son discours historique sur l&#8217;abolition de la peine de mort :</p>
<p><a href="https://www.ina.fr/ina-eclaire-actu/video/man1631116831/17-septembre-1981-le-discours-integral-de-robert-badinter-sur-l" rel="noopener" target="_blank">https://www.ina.fr/ina-eclaire-actu/video/man1631116831/17-septembre-1981-le-discours-integral-de-robert-badinter-sur-l</a></p>
<div class="copy_photo">Philippe Schmidt</div>

<p>Le livre a pour objectif de présenter de manière très complète la vie de Robert Badinter, son parcours politique, intellectuel, professionnel et moral. Il retrace les réalisations qu&#8217;il a mises en œuvre et les défis auxquels il a été confronté pendant son incroyable itinéraire de fils de déporté à président du Conseil Constitutionnel, en passant&#8230;</p>
